{"id":41065,"date":"2022-03-16T15:48:50","date_gmt":"2022-03-16T14:48:50","guid":{"rendered":"https:\/\/new.mendo.ch\/bundessubventionen\/"},"modified":"2025-09-19T15:18:16","modified_gmt":"2025-09-19T13:18:16","slug":"subventions-federales","status":"publish","type":"page","link":"https:\/\/mendo.ch\/fr\/subventions-federales\/","title":{"rendered":"Subventions f\u00e9d\u00e9rales"},"content":{"rendered":"<div id=\"cs-content\" class=\"cs-content\"><\/div>\n","protected":false},"excerpt":{"rendered":"<p>Subventions f\u00e9d\u00e9rales La Conf\u00e9d\u00e9ration (SEFRI &#8211; Secr\u00e9tariat d&rsquo;\u00c9tat \u00e0 la Formation, \u00e0 la Recherche et \u00e0 l&rsquo;Innovation) subventionne les formations de brevet f\u00e9d\u00e9ral. Voici les points importants \u00e0 retenir : &#8230; <\/p>\n<div><a href=\"https:\/\/mendo.ch\/fr\/subventions-federales\/\" class=\"more-link\">lire la suite<\/a><\/div>\n","protected":false},"author":1,"featured_media":0,"parent":0,"menu_order":0,"comment_status":"closed","ping_status":"closed","template":"template-blank-4.php","meta":{"footnotes":""},"class_list":["post-41065","page","type-page","status-publish","hentry","no-post-thumbnail"],"_links":{"self":[{"href":"https:\/\/mendo.ch\/fr\/wp-json\/wp\/v2\/pages\/41065","targetHints":{"allow":["GET"]}}],"collection":[{"href":"https:\/\/mendo.ch\/fr\/wp-json\/wp\/v2\/pages"}],"about":[{"href":"https:\/\/mendo.ch\/fr\/wp-json\/wp\/v2\/types\/page"}],"author":[{"embeddable":true,"href":"https:\/\/mendo.ch\/fr\/wp-json\/wp\/v2\/users\/1"}],"replies":[{"embeddable":true,"href":"https:\/\/mendo.ch\/fr\/wp-json\/wp\/v2\/comments?post=41065"}],"version-history":[{"count":3,"href":"https:\/\/mendo.ch\/fr\/wp-json\/wp\/v2\/pages\/41065\/revisions"}],"predecessor-version":[{"id":49166,"href":"https:\/\/mendo.ch\/fr\/wp-json\/wp\/v2\/pages\/41065\/revisions\/49166"}],"wp:attachment":[{"href":"https:\/\/mendo.ch\/fr\/wp-json\/wp\/v2\/media?parent=41065"}],"curies":[{"name":"wp","href":"https:\/\/api.w.org\/{rel}","templated":true}]}}

Subventions fédérales

<p>Subventions fédérales La Confédération (SEFRI &#8211; Secrétariat d&rsquo;État à la Formation, à la Recherche et à l&rsquo;Innovation) subventionne les formations de brevet fédéral. Voici les points importants à retenir : &#8230; </p>
<div><a href="https://mendo.ch/fr/subventions-federales/" class="more-link">lire la suite</a></div>
